 = -3*k**3 - 3*k**2. Give q(w).
12
Suppose -3*i + 2*i + 4 = 3*h, 2*i = -4. Suppose -18*d - 378 = -39*d. Suppose 5*a = 5*m + h*a - 34, a = 3*m - d. Let z(j) = j**2 - j + 1. Give z(m).
21
Let n(h) = 379 - 105 - 78 - 90 + h - 71. What is n(-20)?
15
Let b(q) = -5*q + 6. Let m(i) = i**2 - 19*i - 47. Let d be m(25). Suppose 28 - d = -15*n. Calculate b(n).
-19
Suppose -13*q + 901 = -347. Let d = -97 + q. Let t(o) = -17*o**3 + o**2 + o. Determine t(d).
17
Let n(p) = 12 + 9 + p**3 - 5 - 16*p**2 + 0 - p. Let j be n(16). Let c(d) = -d**3 - d**2 + d - 9. What is c(j)?
-9
Let i be (21/(-9) + (0 - 1))/((-180)/540). Let k(y) = -y**2 + 7*y + 52. What is k(i)?
22
Let b(g) = -87*g - 108. Let l(t) = 40*t + 50. Let n(f) = 6*b(f) + 13*l(f). Let i(u) = -u**3 + u**2 - u - 3. Let s be i(0). Determine n(s).
8
Let z(q) be the third derivative of 1/5*q**6 + 19*q**2 + 0*q**3 + 1/60*q**5 + 1 + 0*q + 1/24*q**4. Calculate z(-1).
-24
Suppose -28 = -3*i - 13. Suppose 2*a - 3*m = -6*m - 2, 0 = -i*a + m + 12. Let w(o) = -3 + a*o - 4*o - 3*o**2 + 2*o**2 - 3*o. What is w(-4)?
1
Suppose 0 = -p + 2*a + 702 - 693, 4*p - 3*a - 11 = 0. Let b(f) = 13*f + 12. What is b(p)?
-1
Let w(a) = 6*a - 243. Suppose 1198 = 33*d - 153 - 68. Calculate w(d).
15
Suppose 5*o - 33 = -4*z, 2*z + 4*o = -z + 26. Let r(v) = 7*v - 9 - 91*v**2 + 49*v**2 + 41*v**z. Give r(5).
1
Let a = -144 + 145. Let f(s) = -7*s + 1 + s**2 + 2 + a + 1. Determine f(5).
-5
Let b(s) be the third derivative of s**4/24 - s**3/3 - 2*s**2. Let f = 26 - 35. Let t(a) = a**3 + 9*a**2 - 6*a - 58. Let m be t(f). Determine b(m).
-6
Let w = 40554 - 40547. Let u(b) = -16*b + 86. Give u(w).
-26
Let a = -210 + 205. Let d(t) = 2*t + 13. What is d(a)?
3
Let t be (24 - 0)*(-18)/(-36). Suppose -12*b - t = -15*b. Suppose 2*d - 2*u = b, -5*d + u + 2*u + 16 = 0. Let l(i) = -i + 6. What is l(d)?
1
Let w(q) = q**2 + 55675*q + 0 - 7 + 55676*q - 111343*q. Let v(m) = -7*m**3 + 2*m**2 + m. Let t be v(-1). Suppose -3*x = -2*x + t. Give w(x).
-7
Let j(u) = -1296*u**2 + 1300*u**2 - 2*u**3 + 33*u - 31*u - 2. Calculate j(3).
-14
Let g(t) be the first derivative of -5*t**3/3 - 27*t**2/2 + 35*t + 34. Let n(z) = -3 - 9*z + 12 + 4 - 2*z**2 - 1. Let v(k) = 3*g(k) - 8*n(k). Determine v(7).
-5
Let v(z) be the first derivative of -1/10*z**5 - 1/6*z**3 + 1/2*z**2 - z - 1/12*z**4 - 19. Let u(r) be the first derivative of v(r). Determine u(1).
-3
Let i(z) = -z**3 - 9*z**2 - 7*z. Let k = -1100 - -1092. What is i(k)?
-8
Let f(g) be the third derivative of g**5/60 - 5*g**4/24 - 3*g**3 + 297*g**2. Give f(8).
6
Let p(x) = 7*x + 5. Let t be 82/26 + (-40)/260. Calculate p(t).
26
Let t = 382754 - 382749. Let i(k) = -4 - 4*k - 2*k + 3*k**2 - 2*k**2. Determine i(t).
-9
Let r = 2672 + -2676. Let k(v) = 10*v + 4. Calculate k(r).
-36
Suppose 46 = -5*s - 3*d, 1 = 4*s - 166*d + 163*d. Let x(j) be the second derivative of -j**4/12 - j**3/3 + 5*j**2/2 - 2*j. Calculate x(s).
-10
Let v = 390 - 393. Let h(c) be the third derivative of 0*c + 1/60*c**5 + 0 - 1/6*c**4 - 1/6*c**3 + 19*c**2 + 1/120*c**6. Give h(v).
-7
Suppose -a + 5*a - 25 = -a. Let y(r) = -r - 7. Give y(a).
-12
Let a(c) be the first derivative of -3*c**2 - c - 4*c + 2*c**2 + 13 + 18. Determine a(5).
-15
Let m be (10 - 85/10)*10/5. Let p(k) = -10*k - 4. Calculate p(m).
-34
Suppose 4*n = 12, 5*j + 925*n - 929*n - 13 = 0. Let w(f) = -3*f + 8*f - 5 + 0 + 0. Give w(j).
20
Let x be 4/(-10) + 343/(-30) + 30/36. Let r(a) = -2*a + 5. What is r(x)?
27
Let w(n) be the third derivative of 0*n + 0 + 1/2*n**3 - 1/12*n**4 + 31*n**2 + 1/15*n**5 - 1/120*n**6. Suppose 9 = -3*x, 2*x - 6*x + 8 = 5*l. Determine w(l).
-5
Let d be (-41)/18*3 - -7. Let r(a) be the second derivative of 0 - 16*a + 2/3*a**4 + 1/20*a**5 - d*a**3 + 3/2*a**2. What is r(-8)?
11
Let h(v) = -3*v + 62 + 6 + 28 - 3*v - 3. Give h(17).
-9
Let q be (0*(-2)/4)/(-58 + 57). Let w(o) = q*o**2 - 5*o**2 - 5*o**2 + 7*o**2 + 0*o**2 + 5*o. Determine w(4).
-28
Suppose 0 = -3*t + a + 12, 9*t + 4*a + 18 = 6*t. Let x(k) = -6*k + 8. What is x(t)?
-4
Let f = -7767 + 7776. Let x(s) = -s**3 + 10*s**2 - 8*s + 5. Calculate x(f).
14
Suppose 4*t = 6 + 14. Suppose 0 = -t*f + 9*f + 12. Let q(n) = n**3 + 2*n**2 - 5*n - 2. What is q(f)?
4
Let n(o) be the third derivative of -13*o**4/24 + 71*o**3/6 + o**2 - 2*o + 204. What is n(10)?
-59
Let u(r) = r - 3. Let q be ((-50)/(-15))/(2/3). Let w(i) = 4*i - 19. Let k(b) = q*u(b) - w(b). Suppose -f + 0*f = 7. What is k(f)?
-3
Let l(y) = 84*y**3 + 87*y**3 - 237*y**3 + 67*y**3 - 4*y**2 + 0*y - 6*y - y**2 + 7. Suppose -7*d + 30 = -2*d. What is l(d)?
7
Let x(b) = -14*b + 10. Suppose -2*c = -2*a - 8, 0 = -4*c + a + 8 + 8. Calculate x(c).
-46
Let v be (-90)/(-36)*(-1 - 12/(-9)). Let a(r) be the second derivative of 0 - v*r**3 - r**2 - 1/12*r**4 + 11*r. Determine a(-2).
4
Suppose -2*i = -4*b - b - 2, -14 = -2*i - b. Let u(z) be the second derivative of -2*z - 57 + 1/2*z**3 - z**2. Calculate u(i).
16
Let t be 7 + 1 - (-14 - -8). Suppose t = 11*o - 9*o. Let v(c) be the second derivative of c**4/12 - 3*c**3/2 + 5*c**2 + 4*c. What is v(o)?
-4
Let p(i) be the first derivative of -3*i**2 + 25*i + 1126. Calculate p(12).
-47
Let q(h) be the third derivative of 5*h**4/24 + 32*h**3/3 + 56*h**2. What is q(-14)?
-6
Let d(h) be the second derivative of -h**4/3 + 23*h**3/6 + 9*h**2/2 - 2968*h. Calculate d(6).
3
Suppose -58*s + 61*s - 3*p = 0, 0 = 5*s + 4*p - 45. Let l(q) = 5 + 3 - s*q - 2 + 6*q + 5. Calculate l(-5).
6
Let d(y) be the first derivative of y**3/3 - 13*y**2/2 - 11*y - 21. Let v(x) = -x**2 + 14*x + 11. Let c(z) = 4*d(z) + 3*v(z). Determine c(8).
-27
Let b(c) = -c - 1. Let y(p) = p**2 - 2*p + 10. Let r be y(6). Suppose -n - n = -r. Let j = n + -25. What is b(j)?
7
Let t = -5779 + 5775. Let r(x) = 9*x + 38. Calculate r(t).
2
Suppose -10*b + 3*b = -28. Let v(z) = -b*z**2 - 5*z - 4*z**2 + 4 + 6*z**2. Let u be (-1)/(15/12 - 1). Give v(u).
-8
Let p be 1*(1 + 1) + -6 + -17 + 22. Let r(n) = -70*n**2 + 2*n - 3. Give r(p).
-71
Let d(c) = 7*c**3 - c**2 - 2*c - 9. Let q be (16/6*2)/(4/(-6)). Let s(p) = -11*p**3 + 2*p**2 + 3*p + 14. Let m(t) = q*d(t) - 5*s(t). Calculate m(-2).
0
Let n(q) be the second derivative of -q**4/12 + 4*q**3 - 60*q**2 - 1455*q. Determine n(17).
-1
Let j(a) = a**3 - a**2 - 3*a - 10. Let p(k) be the second derivative of k**3/3 + k**2/2 - 72*k. Let m(d) = j(d) + 2*p(d). Calculate m(0).
-8
Let o(j) = -2*j**2 + 50*j - 11. Let q = -466 - -491. Determine o(q).
-11
Let u(f) = -f**3 - 32*f**2 - 100*f + 332. Let a be u(-28). Let c(k) = 2*k**3 + 7*k**2 - 9*k - 29. Give c(a).
-9
Let k(n) = 23*n + 71. Let f be k(-3). Let i be (42/f)/3 + -13. Let g(t) = 2*t + 1. Calculate g(i).
-11
Let m = -20359/6 + 6787/2. Let d(k) be the first derivative of k**2 - m*k**3 - 3*k - 39. Calculate d(3).
-6
Let k(z) = 13*z + 16. Let i be 8/10*105/(-14). Let q(b) = -15*b - 17. Let f(w) = i*q(w) - 7*k(w). What is f(0)?
-10
Let b(a) = 27*a**3 + 24*a**2 + 5*a + 68. Let d(h) = -23*h**3 - 24*h**2 - 4*h - 66. Let y(n) = 6*b(n) + 7*d(n). Determine y(24).
-6
Let h(l) = -14*l - 350. Let c be h(-25). Suppose c = -14*x + 5*x + 36. Let o(u) = -u**2 + 3*u + 1. Give o(x).
-3
Let q(v) be the first derivative of 15*v**2/2 - 6*v - 394. What is q(5)?
69
Suppose 7*u - 25*u + 1224 = 0. Suppose -d - 67 = -u. Let x(t) = -4*t**3 + t**2 + 2*t - 2. Determine x(d).
-3
Let y(b) be the third derivative of -53*b**2 - 5/6*b**3 + 0*b + 0 - 1/24*b**4. What is y(-8)?
3
Let h = 79 - 77. Suppose 0 = 5*u - g - 21, 0 = -u + h*g + 1 + 5. Suppose -6*y + 13 = -4*y - o, 23 = u*y + o. Let m(q) = 2*q - 7. Calculate m(y).
5
Let n be 44/(-594) - 272/(-27). Suppose 0 = -5*w - n. Let j(i) = -15*i + 3 - 2 + 11*i. Calculate j(w).
9
Let z(x) be the first derivative of x**3 - 3*x**2 + 7*x - 590. What is z(3)?
16
Let j(r) be the first derivative of r**2 - r - 3. Suppose -a + 6*a + 5*l = 10, l = 4*a - 13. Suppose 2 = 3*w - 2*n, 4*w = a*n - 6*n + 14. Determine j(w).
3
Suppose 33*v + 0*v = 66. Let j(f) = -f - f + 2451 + 5*f**v - 2455 + f**3. Give j(-6).
-28
Let q(y) = -y**2 - 19*y - 84. Let c be q(-10). Let b(o) = -c*o + 0*o**3 - 68*o**2 + 7 - o**3 + 74*o**2 + 0*o**3. Determine b(5).
2
Suppose 24 = -h + 3*s, 2*h + 38*s - 43*s = -42. Let k(x) = -37*x - 176. Give k(h).
46
Let r(f) = -f**3 + 5*f**2 - 6*f - 1. Suppose 24 = -5*x + 13*x. Suppose z + 1